 305423?
305420
In base 5, what is -2 + 4204403?
4204401
In base 9, what is 16 - -6487?
6514
In base 16, what is 1a17 + 3c?
1a53
In base 8, what is -3 - 4357?
-4362
In base 14, what is 5 - 58287?
-58282
In base 16, what is db53 + 3c?
db8f
In base 3, what is -111202100001 - 2?
-111202100010
In base 7, what is -2542 + -355?
-3230
In base 5, what is 10334 - -1101?
11440
In base 14, what is -2139 + 0?
-2139
In base 2, what is -1111001001111000 + -1?
-1111001001111001
In base 14, what is 5 - -256a1?
256a6
In base 8, what is 10 + 472223?
472233
In base 11, what is -a4 + 491?
398
In base 9, what is 3226 - 0?
3226
In base 3, what is -212111102 + 211?
-212110121
In base 16, what is 2 - -a0d3?
a0d5
In base 13, what is -1170 + 75?
-10c8
In base 2, what is -101 + -111000110?
-111001011
In base 9, what is 6 - -16852?
16858
In base 13, what is 6 + -2c26?
-2c20
In base 16, what is 8ce - 3?
8cb
In base 3, what is 22 + 210211?
211010
In base 7, what is -13556 - 4?
-13563
In base 9, what is -2463534 + -2?
-2463536
In base 16, what is 845d + 1?
845e
In base 6, what is 1013333 - -121?
1013454
In base 3, what is -1011002212 - 12?
-1011010001
In base 2, what is 10100000101001001 - -1?
10100000101001010
In base 9, what is 2860 + -11?
2848
In base 10, what is 5 - -16059?
16064
In base 3, what is -10210 - 1022112?
-1110022
In base 4, what is -121123010 + -11?
-121123021
In base 11, what is 48a8 + -2a?
4879
In base 14, what is -344 - 17c?
-4c2
In base 3, what is 2022 + 1210110?
1212202
In base 16, what is -36e8 - -6?
-36e2
In base 12, what is -18 + 5a4?
588
In base 5, what is -10321042 - 0?
-10321042
In base 4, what is -11 - -333112?
333101
In base 2, what is -1011010 + -110111100001?
-111000111011
In base 12, what is 2571 - 1b?
2552
In base 8, what is -113026 - -1?
-113025
In base 15, what is -2 - -624?
622
In base 14, what is 11 + -69db?
-69ca
In base 10, what is -55 - 47762?
-47817
In base 13, what is 3 + -a630?
-a62a
In base 8, what is -11 + -51706?
-51717
In base 11, what is -33 - -869?
836
In base 7, what is -4 - 1150055?
-1150062
In base 8, what is -2 - -25750?
25746
In base 7, what is -4445 - 1010?
-5455
In base 10, what is 6 - 19048?
-19042
In base 12, what is -b6 + 925?
82b
In base 4, what is -12202 + -221220?
-300022
In base 3, what is 21101101010 - 10?
21101101000
In base 5, what is -41 - 103331?
-103422
In base 11, what is -16a7 - 9?
-1705
In base 8, what is -27 + 1706?
1657
In base 15, what is d - -12be?
12cc
In base 16, what is -7c - -713?
697
In base 11, what is -2a57 - -4?
-2a53
In base 5, what is 120031 - -40?
120121
In base 5, what is 414443 - -2241?
422234
In base 7, what is 31055 + -26?
31026
In base 16, what is 55c - 4?
558
In base 8, what is -3026 - -1522?
-1304
In base 15, what is -4d + -163?
-1b1
In base 5, what is -1300 - 230?
-2030
In base 14, what is 6 - -cd6b?
cd73
In base 8, what is 22 - 326?
-304
In base 15, what is 93c5d + 6?
93c64
In base 8, what is 0 + 51121?
51121
In base 10, what is -58 - 2303?
-2361
In base 8, what is -6464 + -115?
-6601
In base 15, what is 46 + 1526?
156c
In base 9, what is 10526 - -241?
10767
In base 14, what is -6 - -6ba29?
6ba23
In base 16, what is ea39 - -10?
ea49
In base 8, what is -21236 - 36?
-21274
In base 11, what is 6477 + -3?
6474
In base 16, what is 5 + 2e58?
2e5d
In base 6, what is 112 - 53434?
-53322
In base 6, what is 151300 - -2?
151302
In base 7, what is -241531 + -20?
-241551
In base 14, what is 3 - 16cc?
-16c9
In base 13, what is 32 - 5c?
-2a
In base 8, what is 151 + -5106?
-4735
In base 10, what is 161186 - 0?
161186
In base 2, what is 100011001011000010 - 1?
100011001011000001
In base 9, what is 3173 - 51?
3122
In base 6, what is 1145 + -2215?
-1030
In base 2, what is -10010001000100 + 0?
-10010001000100
In base 13, what is 1 + 56838?
56839
In base 3, what is 102 - 12010021?
-12002212
In base 14, what is -1b7 + -5b?
-234
In base 9, what is -330563 + -5?
-330568
In base 8, what is -4 - -175?
171
In base 8, what is 3 + -74553?
-74550
In base 5, what is -3113 + -20231?
-23344
In base 2, what is 1100011111000010111 - 1000?
1100011111000001111
In base 4, what is 11 + 3022233?
3022310
In base 16, what is -4 - -db7?
db3
In base 2, what is 11110101 + 1011101111?
1111100100
In base 6, what is -11521 + 14403?
2442
In base 6, what is -511530 - -14?
-511512
In base 8, what is 30 + 3151?
3201
In base 11, what is -44160 - 2?
-44162
In base 14, what is 24b44 + -1d?
24b25
In base 2, what is -10101000101100001010110 + -1?
-10101000101100001010111
In base 5, what is 23 - -2343132?
2343210
In base 11, what is -156472 + -3?
-156475
In base 8, what is -1 - -60?
57
In base 4, what is 1233202 + 10?
1233212
In base 13, what is -4263 - -bc?
-4174
In base 9, what is -86 - -472?
375
In base 16, what is 974 - 1?
973
In base 14, what is 5 - -1ab32?
1ab37
In base 13, what is b91 - 11?
b80
In base 2, what is 100100010000 + -1111?
100100000001
In base 9, what is 18 + 77333?
77352
In base 3, what is -101 - -10200122220?
10200122112
In base 4, what is 131 + -221000?
-220203
In base 16, what is b9 - -5e?
117
In base 5, what is 10 - 240300?
-240240
In base 10, what is -2 + -533?
-535
In base 3, what is 12 - -112110211?
112111000
In base 14, what is -5 - -3b1b?
3b16
In base 10, what is -143 - 104?
-247
In base 9, what is 5 + 650410?
650415
In base 3, what is 100121001 + 1112?
100122120
In base 16, what is b493 - -1b?
b4ae
In base 14, what is 3c - -5d4b?
5d89
In base 9, what is 27688 - 2?
27686
In base 3, what is -1000020210 - 201?
-1000021111
In base 12, what is -11b39 - 2b?
-11b68
In base 11, what is -216 - a4?
-30a
In base 13, what is 359 + 127?
483
In base 13, what is 9b63c + 5?
9b644
In base 2, what is 101100110 - 110111011001?
-110001110011
In base 11, what is -1a9 - 8?
-206
In base 8, what is -5 + -2331236?
-2331243
In base 7, what is -1306 - 26000?
-30306
In base 3, what is -22 + -120102120?
-120102212
In base 14, what is -581 + 138?
-447
In base 11, what is 2a129 - -4?
2a132
In base 2, what is 111001000 - 1100110?
101100010
In base 16, what is 3 + -93b92?
-93b8f
In base 6, what is -12325330 + -13?
-12325343
In base 8, what is -4716 - 272?
-5210
In base 12, what is 1 + 7914?
7915
In base 11, what is 960 + -876?
95
In base 16, what is f + -21?
-12
In base 6, what is -1321404 + 3?
-1321401
In base 15, what is 3 + -900b?
-9008
In base 12, what is -431a0 + -3?
-431a3
In base 8, what is -102 - 3773?
-4075
In base 10, what is -2 - -82759?
82757
In base 3, what is -1 - 220221221?
-220221222
In base 8, what is -3 + -1513?
-1516
In base 16, what is -fcf - c?
-fdb
In base 3, what is 10121221 + 200?
10122121
In base 2, what is 111 + 111010110011010?
111010110100001
In base 13, what is -8518 + 2?
-8516
In base 4, what is -1201212133 - 10?
-1201212203
In base 3, what is -12020 + -1000211?
-1020001
In base 10, what is 1343 - 55?
1288
In base 3, what is 1210202221 + -12?
1210202202
In base 16, what is 177c2 - -5?
177c7
In base 14, what is 5 + -1dd5b?
-1dd56
In base 16, what is -952 + 6?
-94c
In base 8, what is -37 + -236?
-275
In base 5, what is -2140 + -41303?
-43443
In base 13, what is c + 61b?
62a
In base 15, what is 27 + 1487?
14ae
In base 9, what is 15866 - -86?
16063
In base 10, what is -2 + 97081?
97079
In base 14, what is 3443 - 38?
3409
In base 4, what is 131013 + -3011?
122002
In base 5, what is -10 + 2132412?
2132402
In base 14, what is 17 + -13b?
-124
In base 7, what is 663004 - -11?
663015
In base 6, what is -11413441 - -5?
-11413432
In base 15, what is 6 + 19d?
1a4
In base 4, what is 11 - -1313011032?
1313011103
In base 6, what is -1002 - -2453?
1451
In base 3, what is -122111 - -100?
-122011
In base 14, what is -b + -68b0a?
-68b17
In base 15, what is 16c9 - -1d?
16e7
In base 4, what is -123312 - 22?
-130000
In base 8, what is -54060 - 4?
-54064
In base 10, what is -2 + 25950?
25948
In base 3, what is -121022200 + -2001?
-121101201
In base 5, what is -143 + 2222400?
2222202
In base 4, what is 10232002 + 230?
10232232
In base 8, what is 56 - -120417?
120475
In base 14, what is -45 + -1696?
-16db
In base 10, what is 0 - 1432553?
-1432553
In base 2, what is -1001100101 + -10111010?
-1100011111
In base 7, what is 120 - -51304?
51424
In base 16, what is -4 + -4d3e?
-4d42
In base 11, what is -9805a1 + 2?
-98059a
In base 5, wh